s 471839844215 prime?
False
Is 24963409 composite?
False
Is 3428740195 prime?
False
Is 3790478639 a composite number?
True
Is 2391746089 prime?
False
Is 1273343923 a composite number?
False
Is 785905091 a prime number?
True
Is 45261241435 a composite number?
True
Is 1488518443 a composite number?
False
Is 134778335 a composite number?
True
Is 46731153151 a prime number?
False
Is 14830438811 composite?
True
Is 678503526713 composite?
False
Is 26632825429 prime?
False
Is 91790282 composite?
True
Is 2209643903 a prime number?
True
Is 39772739899 composite?
False
Is 113820942371 composite?
True
Is 9240783017 prime?
False
Is 1382381173 a prime number?
False
Is 1535507251 a prime number?
True
Is 54687921037 a composite number?
False
Is 49137270421 composite?
False
Is 282368849 prime?
False
Is 4592418929 prime?
False
Is 102779571347 a prime number?
False
Is 23457971639 a prime number?
True
Is 53025761779 a prime number?
False
Is 118310225317 a composite number?
False
Is 1273744777 prime?
True
Is 637745323 composite?
False
Is 217412131 composite?
False
Is 701079829 a composite number?
False
Is 757565747 prime?
False
Is 3977474923 a composite number?
False
Is 12210500173 composite?
False
Is 108534809861 composite?
False
Is 1334013647 a composite number?
True
Is 7836315973 prime?
False
Is 1496025967 prime?
True
Is 321040331 a prime number?
True
Is 208389059 composite?
True
Is 3938416133 a composite number?
True
Is 10672558517 a composite number?
False
Is 21496911763 a prime number?
True
Is 10066147183 a composite number?
True
Is 2025326159 a composite number?
True
Is 10865969977 composite?
True
Is 76691347 composite?
False
Is 649611307 a prime number?
False
Is 72097180793 composite?
True
Is 1305010201 a composite number?
True
Is 2892223171 a composite number?
True
Is 25307875517 composite?
True
Is 30529261211 composite?
False
Is 4304513567 a prime number?
False
Is 28624663523 a composite number?
True
Is 11443069543 composite?
True
Is 2993649503 composite?
True
Is 616068883 composite?
True
Is 163850849 composite?
False
Is 1705051 composite?
False
Is 10033653029 a prime number?
True
Is 287251249 prime?
True
Is 1505669461 composite?
True
Is 12548251109 a prime number?
True
Is 2134421273 prime?
False
Is 57138659 prime?
True
Is 798258037 a prime number?
False
Is 7823068661 prime?
True
Is 14439059359 a prime number?
True
Is 8468403191 a composite number?
False
Is 410424011 a composite number?
False
Is 18860551 composite?
False
Is 836920277 a prime number?
True
Is 3040484507 a composite number?
True
Is 901250057 prime?
True
Is 23359310417 composite?
False
Is 36922339721 a prime number?
True
Is 17678255657 composite?
False
Is 35960169221 composite?
True
Is 19711835141 a composite number?
True
Is 26434275113 a composite number?
True
Is 32604470273 composite?
True
Is 3717202961 prime?
True
Is 1627046641 a composite number?
True
Is 40717289477 prime?
True
Is 1859729077 a prime number?
False
Is 17220010261 prime?
False
Is 350402379 a composite number?
True
Is 3021789053 composite?
False
Is 4195927877 prime?
False
Is 31726723997 a prime number?
False
Is 393744721 a composite number?
False
Is 533610961 a composite number?
True
Is 13552827019 composite?
True
Is 154293599 a prime number?
True
Is 30043789151 composite?
False
Is 4357087303 composite?
False
Is 5939608537 prime?
True
Is 3748192499 a prime number?
True
Is 766183913 prime?
False
Is 550629778 a composite number?
True
Is 12023431043 a composite number?
True
Is 272942611 composite?
False
Is 148911337 a prime number?
False
Is 11498461063 composite?
False
Is 2063925377 prime?
False
Is 38586956533 a prime number?
False
Is 130315858973 prime?
True
Is 75913793 a prime number?
False
Is 1689976741 prime?
True
Is 11489688811 prime?
True
Is 13438637 a composite number?
False
Is 714596563 a prime number?
False
Is 183058319 a prime number?
False
Is 132793373 composite?
False
Is 82841707873 a prime number?
True
Is 115406600117 composite?
True
Is 11076348989 a composite number?
False
Is 54718288541 composite?
True
Is 3275187991 a prime number?
True
Is 8684257949 composite?
True
Is 295607797 a prime number?
False
Is 16648346263 composite?
False
Is 6750979133 a composite number?
True
Is 2565467783 prime?
True
Is 83566786607 a prime number?
True
Is 111254586277 composite?
True
Is 2632415333 prime?
False
Is 2126260013 composite?
False
Is 1903912757 a composite number?
True
Is 4259418791 prime?
True
Is 9738055219 composite?
False
Is 3534449707 a composite number?
False
Is 60653986 a composite number?
True
Is 38453944199 a composite number?
True
Is 5486989327 a prime number?
False
Is 621227449 prime?
False
Is 3774629759 prime?
True
Is 33802498621 a prime number?
True
Is 55039135093 a prime number?
True
Is 1096177297 composite?
True
Is 189323908597 a composite number?
False
Is 1012374577 a composite number?
False
Is 2249615677 composite?
False
Is 57723110209 a prime number?
True
Is 32506295473 composite?
False
Is 937560511 a prime number?
False
Is 3400804681 composite?
False
Is 5002082587 a composite number?
True
Is 5425324867 prime?
False
Is 95555074217 a composite number?
True
Is 724290359 composite?
True
Is 67062017897 a composite number?
True
Is 7621052993 composite?
False
Is 1627440427 composite?
False
Is 2260108047 a prime number?
False
Is 1870458241 composite?
True
Is 3455816209 a composite number?
True
Is 36147345869 a composite number?
True
Is 40368187 a composite number?
False
Is 3771601921 a composite number?
True
Is 19015955927 composite?
False
Is 58558624379 a composite number?
False
Is 13863578698 a prime number?
False
Is 4845152111 a prime number?
True
Is 3634313702 a prime number?
False
Is 210213319 a composite number?
False
Is 59938933 composite?
False
Is 16282387189 a prime number?
True
Is 3039687263 prime?
False
Is 2238859453 a prime number?
False
Is 2669881859 composite?
True
Is 1192575073 a composite number?
True
Is 120628853 composite?
True
Is 3285877189 composite?
True
Is 148163761 prime?
True
Is 34292681659 a prime number?
True
Is 28818881411 prime?
True
Is 268284559 a prime number?
False
Is 5701595479 composite?
True
Is 327250451 a prime number?
False
Is 17465884343 composite?
False
Is 1039968289 composite?
False
Is 1534836181 a prime number?
False
Is 106459485971 a composite number?
False
Is 4457612883 composite?
True
Is 34037803687 composite?
False
Is 2744236601 a prime number?
False
Is 19951360843 composite?
True
Is 14588767069 prime?
True
Is 16375679189 a composite number?
False
Is 2391687119 composite?
True
Is 45609801157 prime?
True
Is 592431551 a composite number?
False
Is 1350358201 prime?
False
Is 1806995941 a composite number?
True
Is 198098227 a prime number?
True
Is 8771276221 a prime number?
True
Is 861651731 composite?
True
Is 201660451 a prime number?
True
Is 33798899 composite?
False
Is 2490923599 prime?
False
Is 20245536797 a composite number?
True
Is 6079818509 prime?
True
Is 8998026529 composite?
False
Is 153457241249 composite?
True
Is 85322347339 prime?
False
Is 109512400891 a composite number?
True
Is 11369461487 prime?
True
Is 5079238573 prime?
True
Is 40964213629 composite?
True
Is 4205528083 a composite number?
True
Is 160999273 a prime number?
False
Is 1562479621 a composite number?
False
Is 1530864359 a prime number?
False
Is 2054118623 a composite number?
True
Is 8992579039 a composite number?
True
Is 10896347747 prime?
False
Is 1538894837 a prime number?
True
Is 60188971043 a prime number?
False
Is 4958391953 prime?
True
Is 5679019369 a prime number?
False
Is 11291473639 a prime number?
True
Is 96515414 a prime number?
False
Is 49448783 prime?
True
Is 5978946349 composite?
False
Is 15155717737 prime?
True
Is 40511917153 composite?
True
Is 941752123 prime?
False
Is 27676428419 prime?
False
Is 85850313 a composite number?
True
Is 3468109343 a prime number?
True
Is 113773447 prime?
True
Is 43241466559 a composite number?
True
Is 6929866613 a prime number?
False
Is 16974624211 a composite number?
False
Is 22728620293 prime?
False
Is 1859168345 a prime number?
False
Is 71057249 a composite number?
False
Is 260296111 composite?
False
Is 18839283487 a prime number?
False
Is 4910901179 a composite number?
True
Is 83047997 composite?
False
Is 6091481933 composite?
True
Is 843641064